Last updated on 2023-01-31 07:54:26 CET.
Flavor | Version | Tinstall | Tcheck | Ttotal | Status | Flags |
---|---|---|---|---|---|---|
r-devel-linux-x86_64-debian-clang | 1.0 | 14.05 | 50.72 | 64.77 | OK | |
r-devel-linux-x86_64-debian-gcc | 1.0 | 11.58 | 38.68 | 50.26 | OK | |
r-devel-linux-x86_64-fedora-clang | 1.0 | 84.90 | NOTE | |||
r-devel-linux-x86_64-fedora-gcc | 1.0 | 84.21 | NOTE | |||
r-devel-windows-x86_64 | 1.0 | 33.00 | 96.00 | 129.00 | OK | |
r-patched-linux-x86_64 | 1.0 | 12.00 | 48.84 | 60.84 | OK | |
r-release-linux-x86_64 | 1.0 | 14.01 | 48.92 | 62.93 | OK | |
r-release-macos-arm64 | 1.0 | 25.00 | OK | |||
r-release-macos-x86_64 | 1.0 | 37.00 | OK | |||
r-release-windows-x86_64 | 1.0 | 33.00 | 104.00 | 137.00 | OK | |
r-oldrel-macos-arm64 | 1.0 | 31.00 | OK | |||
r-oldrel-macos-x86_64 | 1.0 | 41.00 | OK | |||
r-oldrel-windows-ix86+x86_64 | 1.0 | 39.00 | 117.00 | 156.00 | OK |
Version: 1.0
Check: compiled code
Result: NOTE
File ‘steadyICA/libs/steadyICA.so’:
Found no calls to: ‘R_registerRoutines’, ‘R_useDynamicSymbols’
It is good practice to register native routines and to disable symbol
search.
See ‘Writing portable packages’ in the ‘Writing R Extensions’ manual.
Flavors: r-devel-linux-x86_64-fedora-clang, r-devel-linux-x86_64-fedora-gcc