Last updated on 2023-01-31 07:54:26 CET.
Flavor | Version | Tinstall | Tcheck | Ttotal | Status | Flags |
---|---|---|---|---|---|---|
r-devel-linux-x86_64-debian-clang | 0.5.6 | 11.59 | 100.27 | 111.86 | NOTE | |
r-devel-linux-x86_64-debian-gcc | 0.5.6 | 8.57 | 75.30 | 83.87 | NOTE | |
r-devel-linux-x86_64-fedora-clang | 0.5.6 | 138.89 | NOTE | |||
r-devel-linux-x86_64-fedora-gcc | 0.5.6 | 140.77 | NOTE | |||
r-devel-windows-x86_64 | 0.5.6 | 39.00 | 124.00 | 163.00 | NOTE | |
r-patched-linux-x86_64 | 0.5.6 | 9.16 | 97.31 | 106.47 | NOTE | |
r-release-linux-x86_64 | 0.5.6 | 11.30 | 97.65 | 108.95 | NOTE | |
r-release-macos-arm64 | 0.5.6 | 38.00 | NOTE | |||
r-release-macos-x86_64 | 0.5.6 | 76.00 | NOTE | |||
r-release-windows-x86_64 | 0.5.6 | 35.00 | 127.00 | 162.00 | NOTE | |
r-oldrel-macos-arm64 | 0.5.6 | 42.00 | NOTE | |||
r-oldrel-macos-x86_64 | 0.5.6 | 71.00 | NOTE | |||
r-oldrel-windows-ix86+x86_64 | 0.5.6 | 28.00 | 128.00 | 156.00 | NOTE |
Version: 0.5.6
Check: LazyData
Result: NOTE
'LazyData' is specified without a 'data' directory
Flavors: r-devel-linux-x86_64-debian-clang, r-devel-linux-x86_64-debian-gcc, r-devel-linux-x86_64-fedora-clang, r-devel-linux-x86_64-fedora-gcc, r-devel-windows-x86_64, r-patched-linux-x86_64, r-release-linux-x86_64, r-release-macos-arm64, r-release-macos-x86_64, r-release-windows-x86_64, r-oldrel-macos-arm64, r-oldrel-macos-x86_64, r-oldrel-windows-ix86+x86_64