CRAN Package Check Results for Package statisfactory

Last updated on 2023-03-31 07:53:41 CEST.

Flavor Version Tinstall Tcheck Ttotal Status Flags
r-devel-linux-x86_64-debian-clang 1.0.1 4.18 36.99 41.17 NOTE
r-devel-linux-x86_64-debian-gcc 1.0.1 3.20 28.37 31.57 NOTE
r-devel-linux-x86_64-fedora-clang 1.0.1 50.03 NOTE
r-devel-linux-x86_64-fedora-gcc 1.0.1 47.97 NOTE
r-patched-linux-x86_64 1.0.1 3.64 36.12 39.76 NOTE
r-release-linux-x86_64 1.0.1 3.81 36.04 39.85 OK
r-release-macos-arm64 1.0.1 19.00 OK
r-release-macos-x86_64 1.0.1 27.00 OK
r-release-windows-x86_64 1.0.1 30.00 65.00 95.00 OK
r-oldrel-macos-arm64 1.0.1 21.00 OK
r-oldrel-macos-x86_64 1.0.1 26.00 OK
r-oldrel-windows-ix86+x86_64 1.0.1 8.00 60.00 68.00 OK

Check Details

Version: 1.0.1
Check: package subdirectories
Result: NOTE
    Problems with news in ‘NEWS.md’:
    No news entries found.
Flavors: r-devel-linux-x86_64-debian-clang, r-devel-linux-x86_64-debian-gcc, r-devel-linux-x86_64-fedora-clang, r-devel-linux-x86_64-fedora-gcc, r-patched-linux-x86_64