Last updated on 2023-03-31 07:53:41 CEST.
Flavor | Version | Tinstall | Tcheck | Ttotal | Status | Flags |
---|---|---|---|---|---|---|
r-devel-linux-x86_64-debian-clang | 0.2.3 | 3.83 | 29.37 | 33.20 | NOTE | |
r-devel-linux-x86_64-debian-gcc | 0.2.3 | 3.20 | 23.37 | 26.57 | NOTE | |
r-devel-linux-x86_64-fedora-clang | 0.2.3 | 43.03 | NOTE | |||
r-devel-linux-x86_64-fedora-gcc | 0.2.3 | 40.11 | NOTE | |||
r-patched-linux-x86_64 | 0.2.3 | 4.55 | 28.33 | 32.88 | NOTE | |
r-release-linux-x86_64 | 0.2.3 | 3.75 | 30.00 | 33.75 | NOTE | |
r-release-macos-arm64 | 0.2.3 | 18.00 | NOTE | |||
r-release-macos-x86_64 | 0.2.3 | 25.00 | NOTE | |||
r-release-windows-x86_64 | 0.2.3 | 32.00 | 64.00 | 96.00 | NOTE | |
r-oldrel-macos-arm64 | 0.2.3 | 23.00 | NOTE | |||
r-oldrel-macos-x86_64 | 0.2.3 | 36.00 | NOTE | |||
r-oldrel-windows-ix86+x86_64 | 0.2.3 | 10.00 | 71.00 | 81.00 | NOTE |
Version: 0.2.3
Check: LazyData
Result: NOTE
'LazyData' is specified without a 'data' directory
Flavors: r-devel-linux-x86_64-debian-clang, r-devel-linux-x86_64-debian-gcc, r-devel-linux-x86_64-fedora-clang, r-devel-linux-x86_64-fedora-gcc, r-patched-linux-x86_64, r-release-linux-x86_64, r-release-macos-arm64, r-release-macos-x86_64, r-release-windows-x86_64, r-oldrel-macos-arm64, r-oldrel-macos-x86_64, r-oldrel-windows-ix86+x86_64
Version: 0.2.3
Check: Rd cross-references
Result: NOTE
Undeclared package ‘distrEx’ in Rd xrefs
Flavor: r-devel-linux-x86_64-fedora-clang