Last updated on 2023-02-01 07:53:17 CET.
Flavor | Version | Tinstall | Tcheck | Ttotal | Status | Flags |
---|---|---|---|---|---|---|
r-devel-linux-x86_64-debian-clang | 0.5.1 | 4.69 | 85.96 | 90.65 | NOTE | |
r-devel-linux-x86_64-debian-gcc | 0.5.1 | 3.52 | 65.93 | 69.45 | NOTE | |
r-devel-linux-x86_64-fedora-clang | 0.5.1 | 95.12 | NOTE | |||
r-devel-linux-x86_64-fedora-gcc | 0.5.1 | 99.86 | NOTE | |||
r-devel-windows-x86_64 | 0.5.1 | 22.00 | 141.00 | 163.00 | NOTE | |
r-patched-linux-x86_64 | 0.5.1 | 3.65 | 74.15 | 77.80 | NOTE | |
r-release-linux-x86_64 | 0.5.1 | 2.83 | 74.29 | 77.12 | NOTE | |
r-release-macos-arm64 | 0.5.1 | 32.00 | NOTE | |||
r-release-macos-x86_64 | 0.5.1 | 61.00 | NOTE | |||
r-release-windows-x86_64 | 0.5.1 | 26.00 | 115.00 | 141.00 | NOTE | |
r-oldrel-macos-arm64 | 0.5.1 | 42.00 | NOTE | |||
r-oldrel-macos-x86_64 | 0.5.1 | 60.00 | NOTE | |||
r-oldrel-windows-ix86+x86_64 | 0.5.1 | 9.00 | 117.00 | 126.00 | NOTE |
Version: 0.5.1
Check: LazyData
Result: NOTE
'LazyData' is specified without a 'data' directory
Flavors: r-devel-linux-x86_64-debian-clang, r-devel-linux-x86_64-debian-gcc, r-devel-linux-x86_64-fedora-clang, r-devel-linux-x86_64-fedora-gcc, r-devel-windows-x86_64, r-patched-linux-x86_64, r-release-linux-x86_64, r-release-macos-arm64, r-release-macos-x86_64, r-release-windows-x86_64, r-oldrel-macos-arm64, r-oldrel-macos-x86_64, r-oldrel-windows-ix86+x86_64