Last updated on 2023-02-03 06:50:34 CET.
Flavor | Version | Tinstall | Tcheck | Ttotal | Status | Flags |
---|---|---|---|---|---|---|
r-devel-linux-x86_64-debian-clang | 1.0.9 | 110.11 | 258.31 | 368.42 | NOTE | |
r-devel-linux-x86_64-debian-gcc | 1.0.9 | 84.75 | 173.45 | 258.20 | NOTE | |
r-devel-linux-x86_64-fedora-clang | 1.0.9 | 466.52 | NOTE | |||
r-devel-linux-x86_64-fedora-gcc | 1.0.9 | 443.60 | NOTE | |||
r-patched-linux-x86_64 | 1.0.9 | 107.54 | 235.95 | 343.49 | OK | |
r-release-linux-x86_64 | 1.0.9 | 92.58 | 227.51 | 320.09 | OK | |
r-release-macos-arm64 | 1.0.9 | 227.00 | NOTE | |||
r-release-macos-x86_64 | 1.0.9 | 410.00 | NOTE | |||
r-release-windows-x86_64 | 1.0.9 | 111.00 | 294.00 | 405.00 | NOTE | |
r-oldrel-macos-arm64 | 1.0.9 | 232.00 | NOTE | |||
r-oldrel-macos-x86_64 | 1.0.9 | 402.00 | NOTE | |||
r-oldrel-windows-ix86+x86_64 | 1.0.9 | 260.00 | 295.00 | 555.00 | NOTE |
Version: 1.0.9
Check: C++ specification
Result: NOTE
Specified C++11: please update to current default of C++17
Flavors: r-devel-linux-x86_64-debian-clang, r-devel-linux-x86_64-debian-gcc, r-devel-linux-x86_64-fedora-clang, r-devel-linux-x86_64-fedora-gcc
Version: 1.0.9
Check: installed package size
Result: NOTE
installed size is 9.5Mb
sub-directories of 1Mb or more:
data 3.0Mb
libs 5.4Mb
Flavors: r-release-macos-arm64, r-release-macos-x86_64, r-release-windows-x86_64, r-oldrel-macos-arm64, r-oldrel-macos-x86_64, r-oldrel-windows-ix86+x86_64