Last updated on 2023-09-30 08:00:43 CEST.
Flavor | Version | Tinstall | Tcheck | Ttotal | Status | Flags |
---|---|---|---|---|---|---|
r-devel-linux-x86_64-debian-clang | 1.4.0 | 6.23 | 62.86 | 69.09 | NOTE | |
r-devel-linux-x86_64-debian-gcc | 1.4.0 | 5.01 | 47.25 | 52.26 | NOTE | |
r-devel-linux-x86_64-fedora-clang | 1.4.0 | 84.14 | NOTE | |||
r-devel-linux-x86_64-fedora-gcc | 1.4.0 | 80.70 | NOTE | |||
r-devel-windows-x86_64 | 1.4.0 | 8.00 | 67.00 | 75.00 | NOTE | |
r-patched-linux-x86_64 | 1.4.0 | 7.27 | 59.19 | 66.46 | OK | |
r-release-linux-x86_64 | 1.4.0 | 5.35 | 60.33 | 65.68 | OK | |
r-release-macos-arm64 | 1.4.0 | 29.00 | OK | |||
r-release-macos-x86_64 | 1.4.0 | 50.00 | OK | |||
r-release-windows-x86_64 | 1.4.0 | 9.00 | 77.00 | 86.00 | OK | |
r-oldrel-macos-arm64 | 1.4.0 | 27.00 | OK | |||
r-oldrel-macos-x86_64 | 1.4.0 | 41.00 | OK | |||
r-oldrel-windows-x86_64 | 1.4.0 | 10.00 | 85.00 | 95.00 | OK |
Version: 1.4.0
Check: Rd metadata
Result: NOTE
Invalid package aliases in Rd file 'statcheck-package.Rd':
‘{statcheck}-package’
Flavors: r-devel-linux-x86_64-debian-clang, r-devel-linux-x86_64-debian-gcc, r-devel-linux-x86_64-fedora-clang, r-devel-linux-x86_64-fedora-gcc, r-devel-windows-x86_64