Last updated on 2023-01-29 08:57:15 CET.
Flavor | Version | Tinstall | Tcheck | Ttotal | Status | Flags |
---|---|---|---|---|---|---|
r-devel-linux-x86_64-debian-clang | 0.1.2 | 1.98 | 37.83 | 39.81 | OK | |
r-devel-linux-x86_64-debian-gcc | 0.1.2 | 1.70 | 28.64 | 30.34 | OK | |
r-devel-linux-x86_64-fedora-clang | 0.1.2 | 48.25 | NOTE | |||
r-devel-linux-x86_64-fedora-gcc | 0.1.2 | 59.22 | NOTE | |||
r-devel-windows-x86_64 | 0.1.2 | 17.00 | 70.00 | 87.00 | OK | |
r-patched-linux-x86_64 | 0.1.2 | 1.64 | 36.58 | 38.22 | OK | |
r-release-linux-x86_64 | 0.1.2 | 2.04 | 37.29 | 39.33 | OK | |
r-release-macos-arm64 | 0.1.2 | 25.00 | NOTE | |||
r-release-macos-x86_64 | 0.1.2 | 33.00 | NOTE | |||
r-release-windows-x86_64 | 0.1.2 | 18.00 | 69.00 | 87.00 | OK | |
r-oldrel-macos-arm64 | 0.1.2 | 27.00 | NOTE | |||
r-oldrel-macos-x86_64 | 0.1.2 | 37.00 | NOTE | |||
r-oldrel-windows-ix86+x86_64 | 0.1.2 | 8.00 | 69.00 | 77.00 | OK |
Version: 0.1.2
Check: data for non-ASCII characters
Result: NOTE
Note: found 14 marked UTF-8 strings
Flavors: r-devel-linux-x86_64-fedora-clang, r-devel-linux-x86_64-fedora-gcc, r-release-macos-arm64, r-release-macos-x86_64, r-oldrel-macos-arm64, r-oldrel-macos-x86_64