Last updated on 2023-01-30 09:54:26 CET.
Flavor | Version | Tinstall | Tcheck | Ttotal | Status | Flags |
---|---|---|---|---|---|---|
r-devel-linux-x86_64-debian-clang | 1.1.10 | 13.93 | 110.46 | 124.39 | NOTE | |
r-devel-linux-x86_64-debian-gcc | 1.1.10 | 11.92 | 84.00 | 95.92 | NOTE | |
r-devel-linux-x86_64-fedora-clang | 1.1.10 | 152.07 | NOTE | |||
r-devel-linux-x86_64-fedora-gcc | 1.1.10 | 150.53 | NOTE | |||
r-devel-windows-x86_64 | 1.1.10 | 31.00 | 140.00 | 171.00 | NOTE | |
r-patched-linux-x86_64 | 1.1.10 | 12.25 | 105.10 | 117.35 | OK | |
r-release-linux-x86_64 | 1.1.10 | 12.77 | 104.21 | 116.98 | OK | |
r-release-macos-arm64 | 1.1.10 | 44.00 | OK | |||
r-release-macos-x86_64 | 1.1.10 | 80.00 | OK | |||
r-release-windows-x86_64 | 1.1.10 | 31.00 | 141.00 | 172.00 | OK | |
r-oldrel-macos-arm64 | 1.1.10 | 48.00 | OK | |||
r-oldrel-macos-x86_64 | 1.1.10 | 62.00 | OK | |||
r-oldrel-windows-ix86+x86_64 | 1.1.10 | 31.00 | 139.00 | 170.00 | OK |
Version: 1.1.10
Check: Rd files
Result: NOTE
checkRd: (-1) multiCUMSUM.Rd:33: Escaped LaTeX specials: \&
Flavors: r-devel-linux-x86_64-debian-clang, r-devel-linux-x86_64-debian-gcc, r-devel-linux-x86_64-fedora-clang, r-devel-linux-x86_64-fedora-gcc, r-devel-windows-x86_64