Last updated on 2023-02-07 07:54:15 CET.
Flavor | Version | Tinstall | Tcheck | Ttotal | Status | Flags |
---|---|---|---|---|---|---|
r-devel-linux-x86_64-debian-clang | 1.3 | 59.07 | 68.08 | 127.15 | OK | |
r-devel-linux-x86_64-debian-gcc | 1.3 | 43.17 | 50.21 | 93.38 | OK | |
r-devel-linux-x86_64-fedora-clang | 1.3 | 173.29 | NOTE | |||
r-devel-linux-x86_64-fedora-gcc | 1.3 | 153.17 | NOTE | |||
r-devel-windows-x86_64 | 1.3 | 56.00 | 116.00 | 172.00 | OK | |
r-patched-linux-x86_64 | 1.3 | 44.18 | 63.71 | 107.89 | OK | |
r-release-linux-x86_64 | 1.3 | 45.85 | 67.84 | 113.69 | OK | |
r-release-macos-arm64 | 1.3 | 49.00 | OK | |||
r-release-macos-x86_64 | 1.3 | 82.00 | OK | |||
r-release-windows-x86_64 | 1.3 | 142.00 | 125.00 | 267.00 | OK | |
r-oldrel-macos-arm64 | 1.3 | 55.00 | OK | |||
r-oldrel-macos-x86_64 | 1.3 | 83.00 | OK | |||
r-oldrel-windows-ix86+x86_64 | 1.3 | 133.00 | 140.00 | 273.00 | OK |
Version: 1.3
Check: compiled code
Result: NOTE
File ‘starma/libs/starma.so’:
Found no calls to: ‘R_registerRoutines’, ‘R_useDynamicSymbols’
It is good practice to register native routines and to disable symbol
search.
See ‘Writing portable packages’ in the ‘Writing R Extensions’ manual.
Flavors: r-devel-linux-x86_64-fedora-clang, r-devel-linux-x86_64-fedora-gcc