CRAN Package Check Results for Package stan4bart

Last updated on 2024-07-17 08:55:24 CEST.

Flavor Version Tinstall Tcheck Ttotal Status Flags
r-devel-linux-x86_64-debian-clang 0.0-8 198.37 110.04 308.41 OK
r-devel-linux-x86_64-debian-gcc 0.0-8 153.30 78.12 231.42 OK
r-devel-linux-x86_64-fedora-clang 0.0-8 374.33 OK
r-devel-linux-x86_64-fedora-gcc 0.0-8 417.99 OK
r-devel-windows-x86_64 0.0-8 163.00 120.00 283.00 NOTE
r-patched-linux-x86_64 0.0-8 193.27 99.30 292.57 OK
r-release-linux-x86_64 0.0-8 179.41 100.03 279.44 OK
r-release-macos-arm64 0.0-8 119.00 NOTE
r-release-macos-x86_64 0.0-8 164.00 NOTE
r-release-windows-x86_64 0.0-8 166.00 123.00 289.00 OK
r-oldrel-macos-arm64 0.0-8 125.00 NOTE
r-oldrel-macos-x86_64 0.0-8 306.00 NOTE
r-oldrel-windows-x86_64 0.0-8 213.00 148.00 361.00 OK

Check Details

Version: 0.0-8
Check: Rd cross-references
Result: NOTE Found the following Rd file(s) with Rd \link{} targets missing package anchors: generics.Rd: bart stan4bart.Rd: bart, dbartsControl, dbartsData Please provide package anchors for all Rd \link{} targets not in the package itself and the base packages. Flavor: r-devel-windows-x86_64

Version: 0.0-8
Check: installed package size
Result: NOTE installed size is 50.3Mb sub-directories of 1Mb or more: libs 50.0Mb Flavors: r-release-macos-arm64, r-release-macos-x86_64, r-oldrel-macos-arm64, r-oldrel-macos-x86_64