Last updated on 2023-02-02 07:53:12 CET.
Flavor | Version | Tinstall | Tcheck | Ttotal | Status | Flags |
---|---|---|---|---|---|---|
r-devel-linux-x86_64-debian-clang | 1.1 | 75.06 | 71.66 | 146.72 | OK | |
r-devel-linux-x86_64-debian-gcc | 1.1 | 60.76 | 46.41 | 107.17 | OK | |
r-devel-linux-x86_64-fedora-clang | 1.1 | 172.39 | NOTE | |||
r-devel-linux-x86_64-fedora-gcc | 1.1 | 169.32 | NOTE | |||
r-patched-linux-x86_64 | 1.1 | 54.19 | 54.16 | 108.35 | OK | |
r-release-linux-x86_64 | 1.1 | 64.08 | 56.29 | 120.37 | OK | |
r-release-macos-arm64 | 1.1 | 53.00 | NOTE | |||
r-release-macos-x86_64 | 1.1 | 95.00 | NOTE | |||
r-release-windows-x86_64 | 1.1 | 63.00 | 109.00 | 172.00 | OK | |
r-oldrel-macos-arm64 | 1.1 | 44.00 | NOTE | |||
r-oldrel-macos-x86_64 | 1.1 | 62.00 | NOTE | |||
r-oldrel-windows-ix86+x86_64 | 1.1 | 153.00 | 119.00 | 272.00 | OK |
Version: 1.1
Check: dependencies in R code
Result: NOTE
Namespaces in Imports field not imported from:
‘reshape2’ ‘stats’
All declared Imports should be used.
Flavors: r-devel-linux-x86_64-fedora-clang, r-devel-linux-x86_64-fedora-gcc, r-release-macos-arm64, r-release-macos-x86_64, r-oldrel-macos-arm64, r-oldrel-macos-x86_64
Version: 1.1
Check: installed package size
Result: NOTE
installed size is 28.7Mb
sub-directories of 1Mb or more:
libs 28.1Mb
Flavors: r-release-macos-arm64, r-release-macos-x86_64, r-oldrel-macos-arm64, r-oldrel-macos-x86_64