CRAN Package Check Results for Package stacomiR

Last updated on 2023-09-21 07:55:08 CEST.

Flavor Version Tinstall Tcheck Ttotal Status Flags
r-devel-linux-x86_64-debian-clang 0.6.0.7 26.81 318.11 344.92 NOTE
r-devel-linux-x86_64-debian-gcc 0.6.0.7 23.00 227.79 250.79 NOTE
r-devel-linux-x86_64-fedora-clang 0.6.0.7 417.66 NOTE
r-devel-linux-x86_64-fedora-gcc 0.6.0.7 416.55 NOTE
r-devel-windows-x86_64 0.6.0.7 29.00 269.00 298.00 NOTE
r-patched-linux-x86_64 0.6.0.7 30.52 304.75 335.27 OK
r-release-linux-x86_64 0.6.0.7 26.54 296.06 322.60 OK
r-release-macos-arm64 0.6.0.7 105.00 ERROR
r-release-macos-x86_64 0.6.0.7 202.00 OK
r-release-windows-x86_64 0.6.0.7 37.00 340.00 377.00 OK
r-oldrel-macos-arm64 0.6.0.7 109.00 ERROR
r-oldrel-macos-x86_64 0.6.0.7 148.00 NOTE
r-oldrel-windows-x86_64 0.6.0.7 38.00 310.00 348.00 OK

Check Details

Version: 0.6.0.7
Check: Rd \usage sections
Result: NOTE
    Documented arguments not in \usage in documentation object 'connect,report_mig-method':
     ‘h’ ‘...’
    
    Documented arguments not in \usage in documentation object 'print,report_mig-method':
     ‘h’
    
    Functions with \usage entries need to have the appropriate \alias
    entries, and all their arguments documented.
    The \usage entries must correspond to syntactically valid R code.
    See chapter ‘Writing R documentation files’ in the ‘Writing R
    Extensions’ manual.
Flavors: r-devel-linux-x86_64-debian-clang, r-devel-linux-x86_64-debian-gcc, r-devel-linux-x86_64-fedora-clang, r-devel-linux-x86_64-fedora-gcc, r-devel-windows-x86_64

Version: 0.6.0.7
Check: data for non-ASCII characters
Result: NOTE
     Note: found 40748 marked UTF-8 strings
Flavors: r-devel-linux-x86_64-fedora-clang, r-devel-linux-x86_64-fedora-gcc, r-oldrel-macos-x86_64

Version: 0.6.0.7
Check: re-building of vignette outputs
Result: ERROR
    Error(s) in re-building vignettes:
     ...
    --- re-building ‘stacomir.Rmd’ using rmarkdown
    Quitting from lines 302-324 (stacomir.Rmd)
    Error: processing vignette 'stacomir.Rmd' failed with diagnostics:
    duplicated values in No.pas
    --- failed re-building ‘stacomir.Rmd’
    
    SUMMARY: processing the following file failed:
     ‘stacomir.Rmd’
    
    Error: Vignette re-building failed.
    Execution halted
Flavor: r-release-macos-arm64

Version: 0.6.0.7
Check: re-building of vignette outputs
Result: ERROR
    Error(s) in re-building vignettes:
     ...
    --- re-building ‘stacomir.Rmd’ using rmarkdown
    
    Quitting from lines 302-324 [rmmstd] (stacomir.Rmd)
    Error: processing vignette 'stacomir.Rmd' failed with diagnostics:
    duplicated values in No.pas
    --- failed re-building ‘stacomir.Rmd’
    
    SUMMARY: processing the following file failed:
     ‘stacomir.Rmd’
    
    Error: Vignette re-building failed.
    Execution halted
Flavor: r-oldrel-macos-arm64