Last updated on 2023-10-03 08:05:05 CEST.
Flavor | Version | Tinstall | Tcheck | Ttotal | Status | Flags |
---|---|---|---|---|---|---|
r-devel-linux-x86_64-debian-clang | 1.0.2 | 13.32 | 398.06 | 411.38 | NOTE | |
r-devel-linux-x86_64-debian-gcc | 1.0.2 | 10.85 | 289.46 | 300.31 | NOTE | |
r-devel-linux-x86_64-fedora-clang | 1.0.2 | 451.72 | NOTE | |||
r-devel-linux-x86_64-fedora-gcc | 1.0.2 | 490.76 | NOTE | |||
r-devel-windows-x86_64 | 1.0.2 | 13.00 | 304.00 | 317.00 | NOTE | |
r-patched-linux-x86_64 | 1.0.2 | 12.51 | 374.47 | 386.98 | OK | |
r-release-linux-x86_64 | 1.0.2 | 9.50 | 383.82 | 393.32 | OK | |
r-release-macos-arm64 | 1.0.2 | 169.00 | OK | |||
r-release-macos-x86_64 | 1.0.2 | 314.00 | OK | |||
r-release-windows-x86_64 | 1.0.2 | 18.00 | 366.00 | 384.00 | OK | |
r-oldrel-macos-arm64 | 1.0.2 | 149.00 | OK | |||
r-oldrel-macos-x86_64 | 1.0.2 | 193.00 | OK | |||
r-oldrel-windows-x86_64 | 1.0.2 | 17.00 | 378.00 | 395.00 | OK |
Version: 1.0.2
Check: Rd \usage sections
Result: NOTE
Documented arguments not in \usage in documentation object 'stack_predict':
‘type’
Functions with \usage entries need to have the appropriate \alias
entries, and all their arguments documented.
The \usage entries must correspond to syntactically valid R code.
See chapter ‘Writing R documentation files’ in the ‘Writing R
Extensions’ manual.
Flavors: r-devel-linux-x86_64-debian-clang, r-devel-linux-x86_64-debian-gcc, r-devel-linux-x86_64-fedora-clang, r-devel-linux-x86_64-fedora-gcc, r-devel-windows-x86_64