Last updated on 2023-02-08 07:54:44 CET.
Flavor | Version | Tinstall | Tcheck | Ttotal | Status | Flags |
---|---|---|---|---|---|---|
r-devel-linux-x86_64-debian-clang | 0.6-4 | 2.41 | 86.45 | 88.86 | NOTE | |
r-devel-linux-x86_64-debian-gcc | 0.6-4 | 2.25 | 68.25 | 70.50 | NOTE | |
r-devel-linux-x86_64-fedora-clang | 0.6-4 | 111.98 | NOTE | |||
r-devel-linux-x86_64-fedora-gcc | 0.6-4 | 105.80 | NOTE | |||
r-devel-windows-x86_64 | 0.6-4 | 21.00 | 81.00 | 102.00 | NOTE | |
r-patched-linux-x86_64 | 0.6-4 | 3.56 | 73.97 | 77.53 | NOTE | |
r-release-linux-x86_64 | 0.6-4 | 3.31 | 82.00 | 85.31 | NOTE | |
r-release-macos-arm64 | 0.6-4 | 27.00 | NOTE | |||
r-release-macos-x86_64 | 0.6-4 | 53.00 | NOTE | |||
r-release-windows-x86_64 | 0.6-4 | 14.00 | 85.00 | 99.00 | NOTE | |
r-oldrel-macos-arm64 | 0.6-4 | 31.00 | NOTE | |||
r-oldrel-macos-x86_64 | 0.6-4 | 58.00 | NOTE | |||
r-oldrel-windows-ix86+x86_64 | 0.6-4 | 7.00 | 77.00 | 84.00 | NOTE |
Version: 0.6-4
Check: LazyData
Result: NOTE
'LazyData' is specified without a 'data' directory
Flavors: r-devel-linux-x86_64-debian-clang, r-devel-linux-x86_64-debian-gcc, r-devel-linux-x86_64-fedora-clang, r-devel-linux-x86_64-fedora-gcc, r-devel-windows-x86_64, r-patched-linux-x86_64, r-release-linux-x86_64, r-release-macos-arm64, r-release-macos-x86_64, r-release-windows-x86_64, r-oldrel-macos-arm64, r-oldrel-macos-x86_64, r-oldrel-windows-ix86+x86_64
Version: 0.6-4
Check: package dependencies
Result: NOTE
Package suggested but not available for checking: ‘gamboostLSS’
Flavor: r-release-macos-x86_64