CRAN Package Check Results for Package stable

Last updated on 2023-03-30 06:53:30 CEST.

Flavor Version Tinstall Tcheck Ttotal Status Flags
r-devel-linux-x86_64-debian-clang 1.1.6 5.31 31.96 37.27 NOTE
r-devel-linux-x86_64-debian-gcc 1.1.6 4.08 24.81 28.89 NOTE
r-devel-linux-x86_64-fedora-clang 1.1.6 46.65 NOTE
r-devel-linux-x86_64-fedora-gcc 1.1.6 44.51 NOTE
r-patched-linux-x86_64 1.1.6 5.29 31.43 36.72 NOTE
r-release-linux-x86_64 1.1.6 4.46 30.89 35.35 OK
r-release-macos-arm64 1.1.6 19.00 OK
r-release-macos-x86_64 1.1.6 26.00 OK
r-release-windows-x86_64 1.1.6 13.00 60.00 73.00 OK
r-oldrel-macos-arm64 1.1.6 23.00 OK
r-oldrel-macos-x86_64 1.1.6 24.00 OK
r-oldrel-windows-ix86+x86_64 1.1.6 11.00 70.00 81.00 OK

Check Details

Version: 1.1.6
Check: package subdirectories
Result: NOTE
    Problems with news in ‘NEWS.md’:
    No news entries found.
Flavors: r-devel-linux-x86_64-debian-clang, r-devel-linux-x86_64-debian-gcc, r-devel-linux-x86_64-fedora-clang, r-devel-linux-x86_64-fedora-gcc, r-patched-linux-x86_64