Last updated on 2023-02-02 07:53:12 CET.
Flavor | Version | Tinstall | Tcheck | Ttotal | Status | Flags |
---|---|---|---|---|---|---|
r-devel-linux-x86_64-debian-clang | 1.2.7 | 3.19 | 33.82 | 37.01 | OK | |
r-devel-linux-x86_64-debian-gcc | 1.2.7 | 2.18 | 25.71 | 27.89 | OK | |
r-devel-linux-x86_64-fedora-clang | 1.2.7 | 45.59 | OK | |||
r-devel-linux-x86_64-fedora-gcc | 1.2.7 | 46.65 | OK | |||
r-patched-linux-x86_64 | 1.2.7 | 3.13 | 32.79 | 35.92 | OK | |
r-release-linux-x86_64 | 1.2.7 | 2.72 | 33.27 | 35.99 | OK | |
r-release-macos-arm64 | 1.2.7 | 17.00 | NOTE | |||
r-release-macos-x86_64 | 1.2.7 | 27.00 | OK | |||
r-release-windows-x86_64 | 1.2.7 | 11.00 | 70.00 | 81.00 | OK | |
r-oldrel-macos-arm64 | 1.2.7 | 32.00 | OK | |||
r-oldrel-macos-x86_64 | 1.2.7 | 27.00 | OK | |||
r-oldrel-windows-ix86+x86_64 | 1.2.7 | 6.00 | 61.00 | 67.00 | OK |
Version: 1.2.7
Check: package dependencies
Result: NOTE
Packages suggested but not available for checking: 'limma', 'samr'
Flavor: r-release-macos-arm64