Last updated on 2023-02-06 06:52:10 CET.
Flavor | Version | Tinstall | Tcheck | Ttotal | Status | Flags |
---|---|---|---|---|---|---|
r-devel-linux-x86_64-debian-clang | 1.5.7 | 18.99 | 111.66 | 130.65 | NOTE | |
r-devel-linux-x86_64-debian-gcc | 1.5.7 | 14.79 | 81.69 | 96.48 | NOTE | |
r-devel-linux-x86_64-fedora-clang | 1.5.7 | 157.05 | NOTE | |||
r-devel-linux-x86_64-fedora-gcc | 1.5.7 | 154.77 | NOTE | |||
r-devel-windows-x86_64 | 1.5.7 | 28.00 | 141.00 | 169.00 | NOTE | |
r-patched-linux-x86_64 | 1.5.7 | 15.48 | 105.09 | 120.57 | OK | |
r-release-linux-x86_64 | 1.5.7 | 19.52 | 111.65 | 131.17 | OK | |
r-release-macos-arm64 | 1.5.7 | 38.00 | OK | |||
r-release-macos-x86_64 | 1.5.7 | 58.00 | OK | |||
r-release-windows-x86_64 | 1.5.7 | 31.00 | 140.00 | 171.00 | OK | |
r-oldrel-macos-arm64 | 1.5.7 | 49.00 | OK | |||
r-oldrel-macos-x86_64 | 1.5.7 | 85.00 | OK | |||
r-oldrel-windows-ix86+x86_64 | 1.5.7 | 30.00 | 134.00 | 164.00 | OK |
Version: 1.5.7
Check: Rd files
Result: NOTE
checkRd: (-1) Snacks.Rd:6: Escaped LaTeX specials: \~
Flavors: r-devel-linux-x86_64-debian-clang, r-devel-linux-x86_64-debian-gcc, r-devel-linux-x86_64-fedora-clang, r-devel-linux-x86_64-fedora-gcc, r-devel-windows-x86_64