Last updated on 2023-02-07 07:54:15 CET.
Flavor | Version | Tinstall | Tcheck | Ttotal | Status | Flags |
---|---|---|---|---|---|---|
r-devel-linux-x86_64-debian-clang | 0.1.0 | 3.62 | 34.35 | 37.97 | OK | |
r-devel-linux-x86_64-debian-gcc | 0.1.0 | 2.66 | 26.39 | 29.05 | OK | |
r-devel-linux-x86_64-fedora-clang | 0.1.0 | 48.50 | OK | |||
r-devel-linux-x86_64-fedora-gcc | 0.1.0 | 44.89 | OK | |||
r-devel-windows-x86_64 | 0.1.0 | 5.00 | 61.00 | 66.00 | OK | |
r-patched-linux-x86_64 | 0.1.0 | 3.47 | 34.11 | 37.58 | OK | |
r-release-linux-x86_64 | 0.1.0 | 3.03 | 35.33 | 38.36 | OK | |
r-release-macos-arm64 | 0.1.0 | 19.00 | NOTE | |||
r-release-macos-x86_64 | 0.1.0 | 33.00 | NOTE | |||
r-release-windows-x86_64 | 0.1.0 | 16.00 | 65.00 | 81.00 | OK | |
r-oldrel-macos-arm64 | 0.1.0 | 23.00 | NOTE | |||
r-oldrel-macos-x86_64 | 0.1.0 | 31.00 | NOTE | |||
r-oldrel-windows-ix86+x86_64 | 0.1.0 | 8.00 | 61.00 | 69.00 | OK |
Version: 0.1.0
Check: package dependencies
Result: NOTE
Package suggested but not available for checking: ‘scanstatistics’
Flavors: r-release-macos-arm64, r-release-macos-x86_64, r-oldrel-macos-arm64, r-oldrel-macos-x86_64