Last updated on 2025-01-22 08:49:29 CET.
Flavor | Version | Tinstall | Tcheck | Ttotal | Status | Flags |
---|---|---|---|---|---|---|
r-devel-linux-x86_64-debian-clang | 1.15 | 7.81 | 36.75 | 44.56 | NOTE | |
r-devel-linux-x86_64-debian-gcc | 1.15 | 5.91 | 29.32 | 35.23 | NOTE | |
r-devel-linux-x86_64-fedora-clang | 1.15 | 74.66 | NOTE | |||
r-devel-linux-x86_64-fedora-gcc | 1.15 | 79.54 | NOTE | |||
r-devel-windows-x86_64 | 1.15 | 12.00 | 65.00 | 77.00 | NOTE | |
r-patched-linux-x86_64 | 1.15 | 7.72 | 31.82 | 39.54 | NOTE | |
r-release-linux-x86_64 | 1.15 | 8.54 | 34.13 | 42.67 | NOTE | |
r-release-macos-arm64 | 1.15 | 30.00 | NOTE | |||
r-release-macos-x86_64 | 1.15 | 41.00 | NOTE | |||
r-release-windows-x86_64 | 1.15 | 12.00 | 63.00 | 75.00 | NOTE | |
r-oldrel-macos-arm64 | 1.15 | 28.00 | NOTE | |||
r-oldrel-macos-x86_64 | 1.15 | 38.00 | NOTE | |||
r-oldrel-windows-x86_64 | 1.15 | 14.00 | 70.00 | 84.00 | NOTE |
Version: 1.15
Check: C++ specification
Result: NOTE
Specified C++11: please drop specification unless essential
Flavors: r-devel-linux-x86_64-debian-clang, r-devel-linux-x86_64-debian-gcc, r-devel-linux-x86_64-fedora-clang, r-devel-linux-x86_64-fedora-gcc, r-devel-windows-x86_64, r-patched-linux-x86_64, r-release-linux-x86_64, r-release-macos-arm64, r-release-macos-x86_64, r-release-windows-x86_64, r-oldrel-macos-arm64, r-oldrel-macos-x86_64, r-oldrel-windows-x86_64