CRAN Package Check Results for Package ss3sim

Last updated on 2022-09-25 06:54:21 CEST.

Flavor Version Tinstall Tcheck Ttotal Status Flags
r-devel-linux-x86_64-debian-clang 1.0.3 20.59 188.58 209.17 OK
r-devel-linux-x86_64-debian-gcc 1.0.3 18.10 138.59 156.69 OK
r-devel-linux-x86_64-fedora-clang 1.0.3 257.22 NOTE
r-devel-linux-x86_64-fedora-gcc 1.0.3 254.31 OK
r-devel-windows-x86_64 1.0.3 62.00 240.00 302.00 OK
r-patched-linux-x86_64 1.0.3 18.04 172.01 190.05 OK
r-release-linux-x86_64 1.0.3 18.72 173.38 192.10 OK
r-release-macos-arm64 1.0.3 77.00 OK
r-release-macos-x86_64 1.0.3 132.00 OK
r-release-windows-x86_64 1.0.3 55.00 226.00 281.00 OK
r-oldrel-macos-arm64 1.0.3 92.00 OK
r-oldrel-macos-x86_64 1.0.3 132.00 OK
r-oldrel-windows-ix86+x86_64 1.0.3 41.00 215.00 256.00 OK

Check Details

Version: 1.0.3
Check: Rd cross-references
Result: NOTE
    Undeclared package ‘plyr’ in Rd xrefs
Flavor: r-devel-linux-x86_64-fedora-clang