Last updated on 2023-02-02 07:53:12 CET.
Flavor | Version | Tinstall | Tcheck | Ttotal | Status | Flags |
---|---|---|---|---|---|---|
r-devel-linux-x86_64-debian-clang | 0.9.0 | 32.20 | 86.37 | 118.57 | NOTE | |
r-devel-linux-x86_64-debian-gcc | 0.9.0 | 27.44 | 65.14 | 92.58 | NOTE | |
r-devel-linux-x86_64-fedora-clang | 0.9.0 | 158.96 | NOTE | |||
r-devel-linux-x86_64-fedora-gcc | 0.9.0 | 166.90 | NOTE | |||
r-patched-linux-x86_64 | 0.9.0 | 31.35 | 80.39 | 111.74 | OK | |
r-release-linux-x86_64 | 0.9.0 | 32.19 | 83.20 | 115.39 | OK | |
r-release-macos-arm64 | 0.9.0 | 46.00 | OK | |||
r-release-macos-x86_64 | 0.9.0 | 57.00 | OK | |||
r-release-windows-x86_64 | 0.9.0 | 39.00 | 152.00 | 191.00 | OK | |
r-oldrel-macos-arm64 | 0.9.0 | 50.00 | OK | |||
r-oldrel-macos-x86_64 | 0.9.0 | 73.00 | OK | |||
r-oldrel-windows-ix86+x86_64 | 0.9.0 | 87.00 | 158.00 | 245.00 | OK |
Version: 0.9.0
Check: C++ specification
Result: NOTE
Specified C++11: please update to current default of C++17
Flavors: r-devel-linux-x86_64-debian-clang, r-devel-linux-x86_64-debian-gcc, r-devel-linux-x86_64-fedora-clang, r-devel-linux-x86_64-fedora-gcc