Last updated on 2023-09-21 07:55:08 CEST.
Flavor | Version | Tinstall | Tcheck | Ttotal | Status | Flags |
---|---|---|---|---|---|---|
r-devel-linux-x86_64-debian-clang | 0.1.4 | 3.25 | 91.26 | 94.51 | OK | |
r-devel-linux-x86_64-debian-gcc | 0.1.4 | 3.66 | 66.65 | 70.31 | OK | |
r-devel-linux-x86_64-fedora-clang | 0.1.4 | 116.65 | NOTE | |||
r-devel-linux-x86_64-fedora-gcc | 0.1.4 | 122.79 | NOTE | |||
r-devel-windows-x86_64 | 0.1.4 | 6.00 | 94.00 | 100.00 | OK | |
r-patched-linux-x86_64 | 0.1.4 | 3.78 | 87.91 | 91.69 | OK | |
r-release-linux-x86_64 | 0.1.4 | 2.85 | 86.69 | 89.54 | OK | |
r-release-macos-arm64 | 0.1.4 | 43.00 | OK | |||
r-release-macos-x86_64 | 0.1.4 | 90.00 | OK | |||
r-release-windows-x86_64 | 0.1.4 | 7.00 | 111.00 | 118.00 | OK | |
r-oldrel-macos-arm64 | 0.1.4 | 43.00 | OK | |||
r-oldrel-macos-x86_64 | 0.1.4 | 53.00 | OK | |||
r-oldrel-windows-x86_64 | 0.1.4 | 7.00 | 124.00 | 131.00 | OK |
Version: 0.1.4
Check: dependencies in R code
Result: NOTE
Namespace in Imports field not imported from: ‘utils’
All declared Imports should be used.
Flavors: r-devel-linux-x86_64-fedora-clang, r-devel-linux-x86_64-fedora-gcc