CRAN Package Check Results for Package spotoroo

Last updated on 2024-06-15 08:49:50 CEST.

Flavor Version Tinstall Tcheck Ttotal Status Flags
r-devel-linux-x86_64-debian-clang 0.1.4 5.00 97.51 102.51 OK
r-devel-linux-x86_64-debian-gcc 0.1.4 3.45 69.73 73.18 OK
r-devel-linux-x86_64-fedora-clang 0.1.4 123.54 NOTE
r-devel-linux-x86_64-fedora-gcc 0.1.4 129.36 NOTE
r-devel-windows-x86_64 0.1.4 5.00 92.00 97.00 OK
r-patched-linux-x86_64 0.1.4 4.15 91.65 95.80 OK
r-release-linux-x86_64 0.1.4 2.77 89.54 92.31 OK
r-release-macos-arm64 0.1.4 40.00 OK
r-release-macos-x86_64 0.1.4 66.00 OK
r-release-windows-x86_64 0.1.4 6.00 96.00 102.00 OK
r-oldrel-macos-arm64 0.1.4 43.00 OK
r-oldrel-macos-x86_64 0.1.4 90.00 OK
r-oldrel-windows-x86_64 0.1.4 7.00 119.00 126.00 OK

Check Details

Version: 0.1.4
Check: dependencies in R code
Result: NOTE Namespace in Imports field not imported from: ‘utils’ All declared Imports should be used. Flavors: r-devel-linux-x86_64-fedora-clang, r-devel-linux-x86_64-fedora-gcc