Last updated on 2023-01-30 09:54:26 CET.
Flavor | Version | Tinstall | Tcheck | Ttotal | Status | Flags |
---|---|---|---|---|---|---|
r-devel-linux-x86_64-debian-clang | 0.1.0 | 5.14 | 47.27 | 52.41 | NOTE | |
r-devel-linux-x86_64-debian-gcc | 0.1.0 | 3.93 | 35.70 | 39.63 | NOTE | |
r-devel-linux-x86_64-fedora-clang | 0.1.0 | 64.80 | NOTE | |||
r-devel-linux-x86_64-fedora-gcc | 0.1.0 | 76.10 | NOTE | |||
r-devel-windows-x86_64 | 0.1.0 | 24.00 | 84.00 | 108.00 | NOTE | |
r-patched-linux-x86_64 | 0.1.0 | 4.58 | 46.13 | 50.71 | NOTE | |
r-release-linux-x86_64 | 0.1.0 | 5.52 | 46.38 | 51.90 | NOTE | |
r-release-macos-arm64 | 0.1.0 | 26.00 | NOTE | |||
r-release-macos-x86_64 | 0.1.0 | 45.00 | NOTE | |||
r-release-windows-x86_64 | 0.1.0 | 20.00 | 82.00 | 102.00 | NOTE | |
r-oldrel-macos-arm64 | 0.1.0 | 26.00 | NOTE | |||
r-oldrel-macos-x86_64 | 0.1.0 | 43.00 | NOTE | |||
r-oldrel-windows-ix86+x86_64 | 0.1.0 | 14.00 | 81.00 | 95.00 | NOTE |
Version: 0.1.0
Check: LazyData
Result: NOTE
'LazyData' is specified without a 'data' directory
Flavors: r-devel-linux-x86_64-debian-clang, r-devel-linux-x86_64-debian-gcc, r-devel-linux-x86_64-fedora-clang, r-devel-linux-x86_64-fedora-gcc, r-devel-windows-x86_64, r-patched-linux-x86_64, r-release-linux-x86_64, r-release-macos-arm64, r-release-macos-x86_64, r-release-windows-x86_64, r-oldrel-macos-arm64, r-oldrel-macos-x86_64, r-oldrel-windows-ix86+x86_64