Last updated on 2023-02-01 07:53:17 CET.
Flavor | Version | Tinstall | Tcheck | Ttotal | Status | Flags |
---|---|---|---|---|---|---|
r-devel-linux-x86_64-debian-clang | 0.2.3 | 18.18 | 145.63 | 163.81 | OK | |
r-devel-linux-x86_64-debian-gcc | 0.2.3 | 13.69 | 105.05 | 118.74 | OK | |
r-devel-linux-x86_64-fedora-clang | 0.2.3 | 205.91 | NOTE | |||
r-devel-linux-x86_64-fedora-gcc | 0.2.3 | 213.80 | NOTE | |||
r-devel-windows-x86_64 | 0.2.3 | 49.00 | 163.00 | 212.00 | OK | |
r-patched-linux-x86_64 | 0.2.3 | 16.55 | 145.74 | 162.29 | OK | |
r-release-linux-x86_64 | 0.2.3 | 17.88 | 155.01 | 172.89 | OK | |
r-release-macos-arm64 | 0.2.3 | 68.00 | NOTE | |||
r-release-macos-x86_64 | 0.2.3 | 112.00 | NOTE | |||
r-release-windows-x86_64 | 0.2.3 | 110.00 | 221.00 | 331.00 | OK | |
r-oldrel-macos-arm64 | 0.2.3 | 94.00 | NOTE | |||
r-oldrel-macos-x86_64 | 0.2.3 | 126.00 | NOTE | |||
r-oldrel-windows-ix86+x86_64 | 0.2.3 | 44.00 | 165.00 | 209.00 | OK |
Version: 0.2.3
Check: dependencies in R code
Result: NOTE
Namespace in Imports field not imported from: ‘batchtools’
All declared Imports should be used.
Flavors: r-devel-linux-x86_64-fedora-clang, r-devel-linux-x86_64-fedora-gcc, r-release-macos-arm64, r-release-macos-x86_64, r-oldrel-macos-arm64, r-oldrel-macos-x86_64