CRAN Package Check Results for Package spm

Last updated on 2023-03-22 05:52:40 CET.

Flavor Version Tinstall Tcheck Ttotal Status Flags
r-devel-linux-x86_64-debian-clang 1.2.2 7.45 45.86 53.31 OK
r-devel-linux-x86_64-debian-gcc 1.2.2 6.61 36.16 42.77 OK
r-devel-linux-x86_64-fedora-clang 1.2.2 71.09 NOTE
r-devel-linux-x86_64-fedora-gcc 1.2.2 78.66 NOTE
r-patched-linux-x86_64 1.2.2 8.40 43.52 51.92 OK
r-release-linux-x86_64 1.2.2 5.39 44.58 49.97 OK
r-release-macos-arm64 1.2.2 23.00 NOTE
r-release-macos-x86_64 1.2.2 38.00 NOTE
r-release-windows-x86_64 1.2.2 31.00 82.00 113.00 OK
r-oldrel-macos-arm64 1.2.2 21.00 NOTE
r-oldrel-macos-x86_64 1.2.2 35.00 NOTE
r-oldrel-windows-ix86+x86_64 1.2.2 15.00 75.00 90.00 OK

Check Details

Version: 1.2.2
Check: dependencies in R code
Result: NOTE
    Namespace in Imports field not imported from: ‘biomod2’
     All declared Imports should be used.
Flavors: r-devel-linux-x86_64-fedora-clang, r-devel-linux-x86_64-fedora-gcc, r-release-macos-arm64, r-release-macos-x86_64, r-oldrel-macos-arm64, r-oldrel-macos-x86_64