CRAN Package Check Results for Package spelling

Last updated on 2022-12-09 07:53:33 CET.

Flavor Version Tinstall Tcheck Ttotal Status Flags
r-devel-linux-x86_64-debian-clang 2.2 2.76 25.71 28.47 NOTE
r-devel-linux-x86_64-debian-gcc 2.2 1.96 20.94 22.90 NOTE
r-devel-linux-x86_64-fedora-clang 2.2 45.45 NOTE
r-devel-linux-x86_64-fedora-gcc 2.2 43.96 NOTE
r-devel-windows-x86_64 2.2 17.00 54.00 71.00 NOTE
r-patched-linux-x86_64 2.2 1.68 23.82 25.50 NOTE
r-release-linux-x86_64 2.2 2.52 24.34 26.86 NOTE
r-release-macos-arm64 2.2 18.00 NOTE
r-release-macos-x86_64 2.2 22.00 NOTE
r-release-windows-x86_64 2.2 12.00 51.00 63.00 NOTE
r-oldrel-macos-arm64 2.2 19.00 NOTE
r-oldrel-macos-x86_64 2.2 29.00 NOTE
r-oldrel-windows-ix86+x86_64 2.2 6.00 49.00 55.00 NOTE

Check Details

Version: 2.2
Check: LazyData
Result: NOTE
     'LazyData' is specified without a 'data' directory
Flavors: r-devel-linux-x86_64-debian-clang, r-devel-linux-x86_64-debian-gcc, r-devel-linux-x86_64-fedora-clang, r-devel-linux-x86_64-fedora-gcc, r-devel-windows-x86_64, r-patched-linux-x86_64, r-release-linux-x86_64, r-release-macos-arm64, r-release-macos-x86_64, r-release-windows-x86_64, r-oldrel-macos-arm64, r-oldrel-macos-x86_64, r-oldrel-windows-ix86+x86_64