CRAN Package Check Results for Package spectrino

Last updated on 2023-01-26 07:54:03 CET.

Flavor Version Tinstall Tcheck Ttotal Status Flags
r-release-windows-x86_64 2.0.0 34.00 74.00 108.00 NOTE
r-oldrel-macos-arm64 2.0.0 54.00 NOTE
r-oldrel-windows-ix86+x86_64 2.0.0 10.00 67.00 77.00 NOTE

Check Details

Version: 2.0.0
Check: LazyData
Result: NOTE
     'LazyData' is specified without a 'data' directory
Flavors: r-release-windows-x86_64, r-oldrel-macos-arm64, r-oldrel-windows-ix86+x86_64