CRAN Package Check Results for Package spduration

Last updated on 2025-01-22 08:49:29 CET.

Flavor Version Tinstall Tcheck Ttotal Status Flags
r-devel-linux-x86_64-debian-clang 0.17.2 50.66 103.96 154.62 NOTE
r-devel-linux-x86_64-debian-gcc 0.17.2 33.91 75.34 109.25 NOTE
r-devel-linux-x86_64-fedora-clang 0.17.2 276.79 OK
r-devel-linux-x86_64-fedora-gcc 0.17.2 281.43 OK
r-devel-windows-x86_64 0.17.2 55.00 195.00 250.00 NOTE
r-patched-linux-x86_64 0.17.2 54.68 96.51 151.19 OK
r-release-linux-x86_64 0.17.2 46.23 95.18 141.41 OK
r-release-macos-arm64 0.17.2 65.00 OK
r-release-macos-x86_64 0.17.2 97.00 OK
r-release-windows-x86_64 0.17.2 52.00 182.00 234.00 OK
r-oldrel-macos-arm64 0.17.2 74.00 OK
r-oldrel-macos-x86_64 0.17.2 180.00 OK
r-oldrel-windows-x86_64 0.17.2 67.00 207.00 274.00 OK

Check Details

Version: 0.17.2
Check: Rd cross-references
Result: NOTE Found the following Rd file(s) with Rd \link{} targets missing package anchors: forecast.spdur.Rd: forecast Please provide package anchors for all Rd \link{} targets not in the package itself and the base packages. Flavors: r-devel-linux-x86_64-debian-clang, r-devel-linux-x86_64-debian-gcc, r-devel-windows-x86_64