Last updated on 2023-05-30 08:02:32 CEST.
Flavor | Version | Tinstall | Tcheck | Ttotal | Status | Flags |
---|---|---|---|---|---|---|
r-devel-linux-x86_64-debian-clang | 3.1-5 | 35.11 | 184.14 | 219.25 | NOTE | |
r-devel-linux-x86_64-debian-gcc | 3.1-5 | 32.92 | 140.05 | 172.97 | NOTE | |
r-devel-linux-x86_64-fedora-clang | 3.1-5 | 290.60 | NOTE | |||
r-devel-linux-x86_64-fedora-gcc | 3.1-5 | 276.08 | NOTE | |||
r-devel-windows-x86_64 | 3.1-5 | 44.00 | 190.00 | 234.00 | NOTE | |
r-patched-linux-x86_64 | 3.1-5 | 49.70 | 177.85 | 227.55 | NOTE | |
r-release-linux-x86_64 | 3.1-5 | 38.46 | 178.30 | 216.76 | NOTE | |
r-release-macos-arm64 | 3.1-5 | 80.00 | NOTE | |||
r-release-macos-x86_64 | 3.1-4 | 140.00 | NOTE | |||
r-release-windows-x86_64 | 3.1-5 | 57.00 | 227.00 | 284.00 | OK | |
r-oldrel-macos-arm64 | 3.1-5 | 79.00 | OK | |||
r-oldrel-macos-x86_64 | 3.1-5 | 113.00 | OK | |||
r-oldrel-windows-x86_64 | 3.1-5 | 54.00 | 204.00 | 258.00 | OK |
Version: 3.1-5
Check: package dependencies
Result: NOTE
Packages suggested but not available for checking:
'RandomFields', 'RandomFieldsUtils'
Flavors: r-devel-linux-x86_64-debian-clang, r-devel-linux-x86_64-debian-gcc, r-devel-linux-x86_64-fedora-clang, r-devel-linux-x86_64-fedora-gcc, r-devel-windows-x86_64, r-patched-linux-x86_64, r-release-linux-x86_64, r-release-macos-arm64
Version: 3.1-5
Check: Rd cross-references
Result: NOTE
Package unavailable to check Rd xrefs: ‘RandomFields’
Flavors: r-devel-linux-x86_64-debian-clang, r-devel-linux-x86_64-debian-gcc, r-devel-linux-x86_64-fedora-clang, r-devel-linux-x86_64-fedora-gcc, r-devel-windows-x86_64, r-patched-linux-x86_64, r-release-linux-x86_64, r-release-macos-arm64
Version: 3.1-4
Check: package dependencies
Result: NOTE
Packages suggested but not available for checking:
'RandomFields', 'RandomFieldsUtils', 'spatstat.linnet',
'spatstat.explore', 'spatstat.model', 'spatstat', 'gsl'
Flavor: r-release-macos-x86_64
Version: 3.1-4
Check: Rd cross-references
Result: NOTE
Packages unavailable to check Rd xrefs: ‘spatstat.model’, ‘spatstat.linnet’, ‘spatstat.explore’, ‘RandomFields’
Flavor: r-release-macos-x86_64