CRAN Package Check Results for Package spatstat.explore

Last updated on 2025-01-16 08:49:48 CET.

Flavor Version Tinstall Tcheck Ttotal Status Flags
r-devel-linux-x86_64-debian-clang 3.3-4 41.33 350.96 392.29 OK
r-devel-linux-x86_64-debian-gcc 3.3-4 33.40 230.22 263.62 OK
r-devel-linux-x86_64-fedora-clang 3.3-4 635.10 OK
r-devel-linux-x86_64-fedora-gcc 3.3-4 618.11 OK
r-devel-windows-x86_64 3.3-4 63.00 422.00 485.00 OK
r-patched-linux-x86_64 3.3-4 57.21 330.58 387.79 OK
r-release-linux-x86_64 3.3-4 47.59 325.66 373.25 OK
r-release-macos-arm64 3.3-4 167.00 OK
r-release-macos-x86_64 3.3-4 325.00 NOTE
r-release-windows-x86_64 3.3-4 62.00 422.00 484.00 OK
r-oldrel-macos-arm64 3.3-4 185.00 OK
r-oldrel-macos-x86_64 3.3-4 409.00 OK
r-oldrel-windows-x86_64 3.3-4 64.00 392.00 456.00 OK

Check Details

Version: 3.3-4
Check: installed package size
Result: NOTE installed size is 5.1Mb sub-directories of 1Mb or more: R 2.0Mb help 2.2Mb Flavor: r-release-macos-x86_64