Last updated on 2023-02-05 07:57:36 CET.
Flavor | Version | Tinstall | Tcheck | Ttotal | Status | Flags |
---|---|---|---|---|---|---|
r-devel-linux-x86_64-debian-clang | 0.2.3 | 294.29 | 38.13 | 332.42 | NOTE | |
r-devel-linux-x86_64-debian-gcc | 0.2.3 | 257.94 | 28.84 | 286.78 | NOTE | |
r-devel-linux-x86_64-fedora-clang | 0.2.3 | 428.94 | NOTE | |||
r-devel-linux-x86_64-fedora-gcc | 0.2.3 | 491.32 | NOTE | |||
r-devel-windows-x86_64 | 0.2.3 | 251.00 | 115.00 | 366.00 | NOTE | |
r-patched-linux-x86_64 | 0.2.3 | 253.18 | 35.56 | 288.74 | OK | |
r-release-linux-x86_64 | 0.2.3 | 264.76 | 36.79 | 301.55 | OK | |
r-release-macos-arm64 | 0.2.3 | 102.00 | NOTE | |||
r-release-macos-x86_64 | 0.2.3 | 135.00 | NOTE | |||
r-release-windows-x86_64 | 0.2.3 | 253.00 | 117.00 | 370.00 | OK | |
r-oldrel-macos-arm64 | 0.2.3 | 113.00 | NOTE | |||
r-oldrel-macos-x86_64 | 0.2.3 | 210.00 | NOTE | |||
r-oldrel-windows-ix86+x86_64 | 0.2.3 | 621.00 | 109.00 | 730.00 | NOTE |
Version: 0.2.3
Check: C++ specification
Result: NOTE
Specified C++11: please update to current default of C++17
Flavors: r-devel-linux-x86_64-debian-clang, r-devel-linux-x86_64-debian-gcc, r-devel-linux-x86_64-fedora-clang, r-devel-linux-x86_64-fedora-gcc, r-devel-windows-x86_64
Version: 0.2.3
Check: installed package size
Result: NOTE
installed size is 14.7Mb
sub-directories of 1Mb or more:
doc 1.2Mb
libs 13.2Mb
Flavors: r-release-macos-arm64, r-release-macos-x86_64, r-oldrel-macos-arm64, r-oldrel-macos-x86_64, r-oldrel-windows-ix86+x86_64