Last updated on 2023-02-07 07:54:15 CET.
Flavor | Version | Tinstall | Tcheck | Ttotal | Status | Flags |
---|---|---|---|---|---|---|
r-devel-linux-x86_64-debian-clang | 1.0 | 17.04 | 153.61 | 170.65 | NOTE | |
r-devel-linux-x86_64-debian-gcc | 1.0 | 12.44 | 112.74 | 125.18 | NOTE | |
r-devel-linux-x86_64-fedora-clang | 1.0 | 206.66 | NOTE | |||
r-devel-linux-x86_64-fedora-gcc | 1.0 | 199.96 | NOTE | |||
r-devel-windows-x86_64 | 1.0 | 56.00 | 180.00 | 236.00 | NOTE | |
r-patched-linux-x86_64 | 1.0 | 15.77 | 145.93 | 161.70 | OK | |
r-release-linux-x86_64 | 1.0 | 13.05 | 154.80 | 167.85 | OK | |
r-release-macos-arm64 | 1.0 | 107.00 | OK | |||
r-release-macos-x86_64 | 1.0 | 148.00 | OK | |||
r-release-windows-x86_64 | 1.0 | 54.00 | 185.00 | 239.00 | OK | |
r-oldrel-macos-arm64 | 1.0 | 102.00 | OK | |||
r-oldrel-macos-x86_64 | 1.0 | 154.00 | OK | |||
r-oldrel-windows-ix86+x86_64 | 1.0 | 35.00 | 163.00 | 198.00 | OK |
Version: 1.0
Check: Rd files
Result: NOTE
checkRd: (-1) sarorderedprobit.Rd:84: Escaped LaTeX specials: \#
Flavors: r-devel-linux-x86_64-debian-clang, r-devel-linux-x86_64-debian-gcc, r-devel-linux-x86_64-fedora-clang, r-devel-linux-x86_64-fedora-gcc, r-devel-windows-x86_64