CRAN Package Check Results for Package spathial

Last updated on 2023-02-05 07:57:36 CET.

Flavor Version Tinstall Tcheck Ttotal Status Flags
r-devel-linux-x86_64-debian-clang 0.1.2 3.25 136.00 139.25 NOTE
r-devel-linux-x86_64-debian-gcc 0.1.2 2.26 99.14 101.40 NOTE
r-devel-linux-x86_64-fedora-clang 0.1.2 168.76 NOTE
r-devel-linux-x86_64-fedora-gcc 0.1.2 176.93 NOTE
r-devel-windows-x86_64 0.1.2 19.00 172.00 191.00 NOTE
r-patched-linux-x86_64 0.1.2 3.01 128.56 131.57 NOTE
r-release-linux-x86_64 0.1.2 2.71 131.83 134.54 NOTE
r-release-macos-arm64 0.1.2 73.00 NOTE
r-release-macos-x86_64 0.1.2 54.00 ERROR
r-release-windows-x86_64 0.1.2 6.00 176.00 182.00 NOTE
r-oldrel-macos-arm64 0.1.2 75.00 NOTE
r-oldrel-macos-x86_64 0.1.2 139.00 NOTE
r-oldrel-windows-ix86+x86_64 0.1.2 8.00 180.00 188.00 NOTE

Check Details

Version: 0.1.2
Check: LazyData
Result: NOTE
     'LazyData' is specified without a 'data' directory
Flavors: r-devel-linux-x86_64-debian-clang, r-devel-linux-x86_64-debian-gcc, r-devel-linux-x86_64-fedora-clang, r-devel-linux-x86_64-fedora-gcc, r-devel-windows-x86_64, r-patched-linux-x86_64, r-release-linux-x86_64, r-release-macos-arm64, r-release-macos-x86_64, r-release-windows-x86_64, r-oldrel-macos-arm64, r-oldrel-macos-x86_64, r-oldrel-windows-ix86+x86_64

Version: 0.1.2
Check: dependencies in R code
Result: NOTE
    Namespaces in Imports field not imported from:
     ‘irlba’ ‘knitr’ ‘rmarkdown’
     All declared Imports should be used.
Flavors: r-devel-linux-x86_64-fedora-clang, r-devel-linux-x86_64-fedora-gcc, r-release-macos-arm64, r-release-macos-x86_64, r-oldrel-macos-arm64, r-oldrel-macos-x86_64

Version: 0.1.2
Check: re-building of vignette outputs
Result: ERROR
    Error(s) in re-building vignettes:
     ...
    --- re-building ‘vignette.rmd’ using rmarkdown
    
    Execution halted
    
    * checking PDF version of manual ...* using check arguments '--no-clean-on-error '
Flavor: r-release-macos-x86_64