CRAN Package Check Results for Package spatgraphs

Last updated on 2023-01-30 09:54:26 CET.

Flavor Version Tinstall Tcheck Ttotal Status Flags
r-devel-linux-x86_64-debian-clang 3.2-2 71.75 75.11 146.86 NOTE
r-devel-linux-x86_64-debian-gcc 3.2-2 62.37 59.46 121.83 NOTE
r-devel-linux-x86_64-fedora-clang 3.2-2 216.20 NOTE
r-devel-linux-x86_64-fedora-gcc 3.2-2 188.70 NOTE
r-devel-windows-x86_64 3.2-2 87.00 134.00 221.00 NOTE
r-patched-linux-x86_64 3.2-2 57.33 75.58 132.91 NOTE
r-release-linux-x86_64 3.2-2 54.41 74.30 128.71 NOTE
r-release-macos-arm64 3.2-2 50.00 NOTE
r-release-macos-x86_64 3.2-2 68.00 NOTE
r-release-windows-x86_64 3.2-2 78.00 125.00 203.00 NOTE
r-oldrel-macos-arm64 3.2-2 55.00 NOTE
r-oldrel-macos-x86_64 3.2-2 103.00 NOTE
r-oldrel-windows-ix86+x86_64 3.2-2 167.00 142.00 309.00 NOTE

Check Details

Version: 3.2-2
Check: LazyData
Result: NOTE
     'LazyData' is specified without a 'data' directory
Flavors: r-devel-linux-x86_64-debian-clang, r-devel-linux-x86_64-debian-gcc, r-devel-linux-x86_64-fedora-clang, r-devel-linux-x86_64-fedora-gcc, r-devel-windows-x86_64, r-patched-linux-x86_64, r-release-linux-x86_64, r-release-macos-arm64, r-release-macos-x86_64, r-release-windows-x86_64, r-oldrel-macos-arm64, r-oldrel-macos-x86_64, r-oldrel-windows-ix86+x86_64