CRAN Package Check Results for Package spass

Last updated on 2024-02-23 07:52:22 CET.

Flavor Version Tinstall Tcheck Ttotal Status Flags
r-devel-linux-x86_64-debian-clang 1.3 NOTE
r-devel-linux-x86_64-debian-gcc 1.3 29.30 91.23 120.53 NOTE
r-devel-linux-x86_64-fedora-clang 1.3 202.71 NOTE
r-devel-linux-x86_64-fedora-gcc 1.3 194.10 NOTE
r-devel-windows-x86_64 1.3 30.00 122.00 152.00 NOTE
r-patched-linux-x86_64 1.3 29.47 119.12 148.59 NOTE
r-release-linux-x86_64 1.3 25.67 117.02 142.69 NOTE
r-release-macos-arm64 1.3 60.00 NOTE
r-release-macos-x86_64 1.3 91.00 NOTE
r-release-windows-x86_64 1.3 38.00 148.00 186.00 NOTE
r-oldrel-macos-arm64 1.3 51.00 NOTE
r-oldrel-windows-x86_64 1.3 39.00 149.00 188.00 NOTE

Check Details

Version: 1.3
Check: LazyData
Result: NOTE 'LazyData' is specified without a 'data' directory Flavors: r-devel-linux-x86_64-debian-clang, r-devel-linux-x86_64-debian-gcc, r-devel-linux-x86_64-fedora-clang, r-devel-linux-x86_64-fedora-gcc, r-devel-windows-x86_64, r-patched-linux-x86_64, r-release-linux-x86_64, r-release-macos-arm64, r-release-macos-x86_64, r-release-windows-x86_64, r-oldrel-macos-arm64, r-oldrel-windows-x86_64