CRAN Package Check Results for Package sparseLTSEigen

Last updated on 2023-01-27 07:50:45 CET.

Flavor Version Tinstall Tcheck Ttotal Status Flags
r-devel-linux-x86_64-debian-clang 0.2.0.1 79.86 92.98 172.84 OK
r-devel-linux-x86_64-debian-gcc 0.2.0.1 66.66 71.54 138.20 OK
r-devel-linux-x86_64-fedora-clang 0.2.0.1 235.45 NOTE
r-devel-linux-x86_64-fedora-gcc 0.2.0.1 227.73 NOTE
r-patched-linux-x86_64 0.2.0.1 63.71 90.71 154.42 OK
r-release-linux-x86_64 0.2.0.1 54.91 91.75 146.66 OK
r-release-macos-arm64 0.2.0.1 62.00 NOTE
r-release-macos-x86_64 0.2.0.1 112.00 NOTE
r-release-windows-x86_64 0.2.0.1 69.00 146.00 215.00 OK
r-oldrel-macos-arm64 0.2.0.1 69.00 NOTE
r-oldrel-macos-x86_64 0.2.0.1 120.00 NOTE
r-oldrel-windows-ix86+x86_64 0.2.0.1 200.00 166.00 366.00 OK

Check Details

Version: 0.2.0.1
Check: compiled code
Result: NOTE
    File ‘sparseLTSEigen/libs/sparseLTSEigen.so’:
     Found no calls to: ‘R_registerRoutines’, ‘R_useDynamicSymbols’
    
    It is good practice to register native routines and to disable symbol
    search.
    
    See ‘Writing portable packages’ in the ‘Writing R Extensions’ manual.
Flavors: r-devel-linux-x86_64-fedora-clang, r-devel-linux-x86_64-fedora-gcc

Version: 0.2.0.1
Check: installed package size
Result: NOTE
     installed size is 16.6Mb
     sub-directories of 1Mb or more:
     libs 16.5Mb
Flavors: r-release-macos-arm64, r-release-macos-x86_64, r-oldrel-macos-arm64, r-oldrel-macos-x86_64