Last updated on 2023-01-27 07:50:45 CET.
Flavor | Version | Tinstall | Tcheck | Ttotal | Status | Flags |
---|---|---|---|---|---|---|
r-devel-linux-x86_64-debian-clang | 0.1.0 | 7.00 | 74.44 | 81.44 | NOTE | |
r-devel-linux-x86_64-debian-gcc | 0.1.0 | 6.53 | 55.35 | 61.88 | NOTE | |
r-devel-linux-x86_64-fedora-clang | 0.1.0 | 100.69 | NOTE | |||
r-devel-linux-x86_64-fedora-gcc | 0.1.0 | 100.27 | NOTE | |||
r-patched-linux-x86_64 | 0.1.0 | 7.98 | 71.39 | 79.37 | NOTE | |
r-release-linux-x86_64 | 0.1.0 | 7.66 | 71.05 | 78.71 | NOTE | |
r-release-macos-arm64 | 0.1.0 | 29.00 | NOTE | |||
r-release-macos-x86_64 | 0.1.0 | 43.00 | NOTE | |||
r-release-windows-x86_64 | 0.1.0 | 21.00 | 98.00 | 119.00 | NOTE | |
r-oldrel-macos-arm64 | 0.1.0 | 34.00 | NOTE | |||
r-oldrel-macos-x86_64 | 0.1.0 | 56.00 | NOTE | |||
r-oldrel-windows-ix86+x86_64 | 0.1.0 | 17.00 | 95.00 | 112.00 | NOTE |
Version: 0.1.0
Check: LazyData
Result: NOTE
'LazyData' is specified without a 'data' directory
Flavors: r-devel-linux-x86_64-debian-clang, r-devel-linux-x86_64-debian-gcc, r-devel-linux-x86_64-fedora-clang, r-devel-linux-x86_64-fedora-gcc, r-patched-linux-x86_64, r-release-linux-x86_64, r-release-macos-arm64, r-release-macos-x86_64, r-release-windows-x86_64, r-oldrel-macos-arm64, r-oldrel-macos-x86_64, r-oldrel-windows-ix86+x86_64