Last updated on 2023-02-02 07:53:12 CET.
Flavor | Version | Tinstall | Tcheck | Ttotal | Status | Flags |
---|---|---|---|---|---|---|
r-devel-linux-x86_64-debian-clang | 0.0.3 | 8.03 | 64.42 | 72.45 | NOTE | |
r-devel-linux-x86_64-debian-gcc | 0.0.3 | 5.27 | 48.08 | 53.35 | NOTE | |
r-devel-linux-x86_64-fedora-clang | 0.0.3 | 93.54 | NOTE | |||
r-devel-linux-x86_64-fedora-gcc | 0.0.3 | 85.39 | NOTE | |||
r-patched-linux-x86_64 | 0.0.3 | 7.85 | 64.51 | 72.36 | NOTE | |
r-release-linux-x86_64 | 0.0.3 | 6.36 | 65.13 | 71.49 | NOTE | |
r-release-macos-arm64 | 0.0.3 | 28.00 | NOTE | |||
r-release-macos-x86_64 | 0.0.3 | 47.00 | NOTE | |||
r-release-windows-x86_64 | 0.0.3 | 51.00 | 95.00 | 146.00 | NOTE | |
r-oldrel-macos-arm64 | 0.0.3 | 33.00 | NOTE | |||
r-oldrel-macos-x86_64 | 0.0.3 | 49.00 | NOTE | |||
r-oldrel-windows-ix86+x86_64 | 0.0.3 | 20.00 | 89.00 | 109.00 | NOTE |
Version: 0.0.3
Check: LazyData
Result: NOTE
'LazyData' is specified without a 'data' directory
Flavors: r-devel-linux-x86_64-debian-clang, r-devel-linux-x86_64-debian-gcc, r-devel-linux-x86_64-fedora-clang, r-devel-linux-x86_64-fedora-gcc, r-patched-linux-x86_64, r-release-linux-x86_64, r-release-macos-arm64, r-release-macos-x86_64, r-release-windows-x86_64, r-oldrel-macos-arm64, r-oldrel-macos-x86_64, r-oldrel-windows-ix86+x86_64