Last updated on 2023-02-08 07:54:44 CET.
Flavor | Version | Tinstall | Tcheck | Ttotal | Status | Flags |
---|---|---|---|---|---|---|
r-devel-linux-x86_64-debian-clang | 1.7.9 | 36.96 | 208.41 | 245.37 | OK | |
r-devel-linux-x86_64-debian-gcc | 1.7.9 | 27.99 | 151.81 | 179.80 | OK | |
r-devel-linux-x86_64-fedora-clang | 1.7.9 | 301.46 | NOTE | |||
r-devel-linux-x86_64-fedora-gcc | 1.7.9 | 293.22 | OK | |||
r-devel-windows-x86_64 | 1.7.9 | 520.00 | 297.00 | 817.00 | NOTE | |
r-patched-linux-x86_64 | 1.7.9 | 42.62 | 173.89 | 216.51 | OK | |
r-release-linux-x86_64 | 1.7.9 | 33.00 | 182.94 | 215.94 | OK | |
r-release-macos-arm64 | 1.7.9 | 71.00 | NOTE | |||
r-release-macos-x86_64 | 1.7.9 | 100.00 | NOTE | |||
r-release-windows-x86_64 | 1.7.9 | 334.00 | 231.00 | 565.00 | NOTE | |
r-oldrel-macos-arm64 | 1.7.9 | 56.00 | NOTE | |||
r-oldrel-macos-x86_64 | 1.7.9 | 102.00 | NOTE | |||
r-oldrel-windows-ix86+x86_64 | 1.7.9 | 63.00 | 217.00 | 280.00 | NOTE |
Version: 1.7.9
Check: package dependencies
Result: NOTE
Imports includes 28 non-default packages.
Importing from so many packages makes the package vulnerable to any of
them becoming unavailable. Move as many as possible to Suggests and
use conditionally.
Flavor: r-devel-linux-x86_64-fedora-clang
Version: 1.7.9
Check: installed package size
Result: NOTE
installed size is 6.3Mb
sub-directories of 1Mb or more:
R 1.5Mb
java 3.4Mb
Flavors: r-devel-linux-x86_64-fedora-clang, r-devel-windows-x86_64, r-release-macos-arm64, r-release-macos-x86_64, r-release-windows-x86_64, r-oldrel-macos-arm64, r-oldrel-macos-x86_64, r-oldrel-windows-ix86+x86_64