Last updated on 2023-05-30 08:02:32 CEST.
Flavor | Version | Tinstall | Tcheck | Ttotal | Status | Flags |
---|---|---|---|---|---|---|
r-devel-linux-x86_64-debian-clang | 4.3.0 | 220.56 | 412.74 | 633.30 | OK | |
r-devel-linux-x86_64-debian-gcc | 4.3.0 | 186.81 | 312.20 | 499.01 | OK | |
r-devel-linux-x86_64-fedora-clang | 4.3.0 | 858.39 | NOTE | |||
r-devel-linux-x86_64-fedora-gcc | 4.3.0 | 873.88 | OK | |||
r-devel-windows-x86_64 | 4.3.0 | 159.00 | 310.00 | 469.00 | NOTE | |
r-patched-linux-x86_64 | 4.3.0 | 168.97 | 397.61 | 566.58 | OK | |
r-release-linux-x86_64 | 4.3.0 | 155.16 | 404.50 | 559.66 | OK | |
r-release-macos-arm64 | 4.3.0 | 201.00 | NOTE | |||
r-release-macos-x86_64 | 4.2.1 | 343.00 | NOTE | |||
r-release-windows-x86_64 | 4.3.0 | 220.00 | 427.00 | 647.00 | NOTE | |
r-oldrel-macos-arm64 | 4.3.0 | 185.00 | NOTE | |||
r-oldrel-macos-x86_64 | 4.3.0 | 230.00 | NOTE | |||
r-oldrel-windows-x86_64 | 4.3.0 | 212.00 | 392.00 | 604.00 | NOTE |
Version: 4.3.0
Check: installed package size
Result: NOTE
installed size is 5.0Mb
sub-directories of 1Mb or more:
R 2.7Mb
libs 1.0Mb
Flavors: r-devel-linux-x86_64-fedora-clang, r-devel-windows-x86_64, r-release-macos-arm64, r-release-windows-x86_64, r-oldrel-macos-arm64, r-oldrel-macos-x86_64, r-oldrel-windows-x86_64
Version: 4.2.1
Check: installed package size
Result: NOTE
installed size is 38.7Mb
sub-directories of 1Mb or more:
R 3.1Mb
libs 34.3Mb
Flavor: r-release-macos-x86_64