Last updated on 2023-01-29 08:57:14 CET.
Flavor | Version | Tinstall | Tcheck | Ttotal | Status | Flags |
---|---|---|---|---|---|---|
r-devel-linux-x86_64-debian-clang | 0.2.2 | 80.39 | 119.16 | 199.55 | OK | |
r-devel-linux-x86_64-debian-gcc | 0.2.2 | 70.99 | 91.77 | 162.76 | OK | |
r-devel-linux-x86_64-fedora-clang | 0.2.2 | 253.64 | OK | |||
r-devel-linux-x86_64-fedora-gcc | 0.2.2 | 248.48 | OK | |||
r-devel-windows-x86_64 | 0.2.2 | 78.00 | 172.00 | 250.00 | OK | |
r-patched-linux-x86_64 | 0.2.2 | 76.66 | 115.25 | 191.91 | OK | |
r-release-linux-x86_64 | 0.2.2 | 76.91 | 116.97 | 193.88 | OK | |
r-release-macos-arm64 | 0.2.2 | 113.00 | NOTE | |||
r-release-macos-x86_64 | 0.2.2 | 162.00 | NOTE | |||
r-release-windows-x86_64 | 0.2.2 | 65.00 | 166.00 | 231.00 | OK | |
r-oldrel-macos-arm64 | 0.2.2 | 93.00 | NOTE | |||
r-oldrel-macos-x86_64 | 0.2.2 | 143.00 | NOTE | |||
r-oldrel-windows-ix86+x86_64 | 0.2.2 | 181.00 | 193.00 | 374.00 | OK |
Version: 0.2.2
Check: installed package size
Result: NOTE
installed size is 24.4Mb
sub-directories of 1Mb or more:
libs 24.1Mb
Flavors: r-release-macos-arm64, r-release-macos-x86_64, r-oldrel-macos-arm64, r-oldrel-macos-x86_64