CRAN Package Check Results for Package spCP

Last updated on 2024-03-01 07:53:03 CET.

Flavor Version Tinstall Tcheck Ttotal Status Flags
r-devel-linux-x86_64-debian-clang 1.3 275.66 301.58 577.24 OK
r-devel-linux-x86_64-debian-gcc 1.3 205.92 237.09 443.01 OK
r-devel-linux-x86_64-fedora-clang 1.3 774.78 OK
r-devel-linux-x86_64-fedora-gcc 1.3 788.79 OK
r-devel-windows-x86_64 1.3 204.00 275.00 479.00 OK
r-patched-linux-x86_64 1.3 264.89 290.62 555.51 OK
r-release-linux-x86_64 1.3 273.06 295.96 569.02 OK
r-release-macos-arm64 1.3 267.00 NOTE
r-release-macos-x86_64 1.3 366.00 NOTE
r-release-windows-x86_64 1.3 253.00 373.00 626.00 OK
r-oldrel-macos-arm64 1.3 221.00 NOTE
r-oldrel-windows-x86_64 1.3 252.00 322.00 574.00 OK

Check Details

Version: 1.3
Check: installed package size
Result: NOTE installed size is 9.3Mb sub-directories of 1Mb or more: libs 8.7Mb Flavors: r-release-macos-arm64, r-release-macos-x86_64, r-oldrel-macos-arm64