Last updated on 2023-02-07 07:54:15 CET.
Flavor | Version | Tinstall | Tcheck | Ttotal | Status | Flags |
---|---|---|---|---|---|---|
r-devel-linux-x86_64-debian-clang | 1.3 | 271.47 | 298.60 | 570.07 | OK | |
r-devel-linux-x86_64-debian-gcc | 1.3 | 199.47 | 222.70 | 422.17 | OK | |
r-devel-linux-x86_64-fedora-clang | 1.3 | 767.03 | OK | |||
r-devel-linux-x86_64-fedora-gcc | 1.3 | 732.03 | OK | |||
r-devel-windows-x86_64 | 1.3 | 201.00 | 402.00 | 603.00 | OK | |
r-patched-linux-x86_64 | 1.3 | 219.21 | 249.46 | 468.67 | OK | |
r-release-linux-x86_64 | 1.3 | 206.88 | 252.25 | 459.13 | OK | |
r-release-macos-arm64 | 1.3 | 221.00 | NOTE | |||
r-release-macos-x86_64 | 1.3 | 233.00 | NOTE | |||
r-release-windows-x86_64 | 1.3 | 191.00 | 358.00 | 549.00 | OK | |
r-oldrel-macos-arm64 | 1.3 | 202.00 | NOTE | |||
r-oldrel-macos-x86_64 | 1.3 | 234.00 | NOTE | |||
r-oldrel-windows-ix86+x86_64 | 1.3 | 637.00 | 483.00 | 1120.00 | OK |
Version: 1.3
Check: installed package size
Result: NOTE
installed size is 9.5Mb
sub-directories of 1Mb or more:
libs 8.9Mb
Flavors: r-release-macos-arm64, r-release-macos-x86_64, r-oldrel-macos-arm64, r-oldrel-macos-x86_64