Last updated on 2023-01-26 07:54:03 CET.
Flavor | Version | Tinstall | Tcheck | Ttotal | Status | Flags |
---|---|---|---|---|---|---|
r-devel-linux-x86_64-debian-clang | 0.4.0 | 5.31 | 70.05 | 75.36 | NOTE | |
r-devel-linux-x86_64-debian-gcc | 0.4.0 | 4.37 | 50.63 | 55.00 | NOTE | |
r-devel-linux-x86_64-fedora-clang | 0.4.0 | 89.47 | NOTE | |||
r-devel-linux-x86_64-fedora-gcc | 0.4.0 | 100.49 | NOTE | |||
r-patched-linux-x86_64 | 0.4.0 | 4.85 | 64.50 | 69.35 | NOTE | |
r-release-linux-x86_64 | 0.4.0 | 4.97 | 66.09 | 71.06 | NOTE | |
r-release-macos-arm64 | 0.4.0 | 26.00 | NOTE | |||
r-release-macos-x86_64 | 0.4.0 | 48.00 | NOTE | |||
r-release-windows-x86_64 | 0.4.0 | 68.00 | 103.00 | 171.00 | NOTE | |
r-oldrel-macos-arm64 | 0.4.0 | 26.00 | NOTE | |||
r-oldrel-macos-x86_64 | 0.4.0 | 46.00 | NOTE | |||
r-oldrel-windows-ix86+x86_64 | 0.4.0 | 11.00 | 92.00 | 103.00 | NOTE |
Version: 0.4.0
Check: LazyData
Result: NOTE
'LazyData' is specified without a 'data' directory
Flavors: r-devel-linux-x86_64-debian-clang, r-devel-linux-x86_64-debian-gcc, r-devel-linux-x86_64-fedora-clang, r-devel-linux-x86_64-fedora-gcc, r-patched-linux-x86_64, r-release-linux-x86_64, r-release-macos-arm64, r-release-macos-x86_64, r-release-windows-x86_64, r-oldrel-macos-arm64, r-oldrel-macos-x86_64, r-oldrel-windows-ix86+x86_64