Last updated on 2023-03-28 07:53:15 CEST.
Flavor | Version | Tinstall | Tcheck | Ttotal | Status | Flags |
---|---|---|---|---|---|---|
r-devel-linux-x86_64-debian-clang | 2.1-4 | 3.29 | 112.19 | 115.48 | OK | |
r-devel-linux-x86_64-debian-gcc | 2.1-4 | 3.00 | 87.88 | 90.88 | OK | |
r-devel-linux-x86_64-fedora-clang | 2.1-4 | 113.90 | OK | |||
r-devel-linux-x86_64-fedora-gcc | 2.1-4 | 231.29 | OK | |||
r-patched-linux-x86_64 | 2.1-4 | 3.69 | 105.88 | 109.57 | OK | |
r-release-linux-x86_64 | 2.1-4 | 2.76 | 109.57 | 112.33 | OK | |
r-release-macos-arm64 | 2.1-4 | 1266.00 | OK | |||
r-release-macos-x86_64 | 2.1-4 | 1803.00 | NOTE | |||
r-release-windows-x86_64 | 2.1-4 | 23.00 | 190.00 | 213.00 | OK | |
r-oldrel-macos-arm64 | 2.1-4 | 1450.00 | NOTE | |||
r-oldrel-macos-x86_64 | 2.1-4 | 1802.00 | NOTE | |||
r-oldrel-windows-ix86+x86_64 | 2.1-4 | 8.00 | 201.00 | 209.00 | OK |
Version: 2.1-4
Check: re-building of vignette outputs
Result: NOTE
Error(s) in re-building vignettes:
...
--- re-building ‘sos.Rnw’ using Sweave
Loading required package: brew
Attaching package: 'sos'
The following object is masked from 'package:utils':
?
Warning in readLines(f) :
incomplete final line found on '/Volumes/Builds/packages/high-sierra-x86_64/Rlib/4.2/cosso/INDEX'
Execution halted
* checking PDF version of manual ...* using check arguments '--no-clean-on-error '
Flavor: r-release-macos-x86_64
Version: 2.1-4
Check: re-building of vignette outputs
Result: NOTE
Error(s) in re-building vignettes:
...
--- re-building ‘sos.Rnw’ using Sweave
Loading required package: brew
Attaching package: 'sos'
The following object is masked from 'package:utils':
?
Flavor: r-oldrel-macos-arm64
Version: 2.1-4
Check: re-building of vignette outputs
Result: NOTE
Error(s) in re-building vignettes:
...
--- re-building ‘sos.Rnw’ using Sweave
Loading required package: brew
Attaching package: 'sos'
The following object is masked from 'package:utils':
?
Execution halted
* checking PDF version of manual ...* using check arguments '--no-clean-on-error '
Flavor: r-oldrel-macos-x86_64