CRAN Package Check Results for Package sommer

Last updated on 2023-06-01 07:57:13 CEST.

Flavor Version Tinstall Tcheck Ttotal Status Flags
r-devel-linux-x86_64-debian-clang 4.3.0 116.47 194.57 311.04 OK --no-vignettes
r-devel-linux-x86_64-debian-gcc 4.3.0 90.95 143.54 234.49 OK --no-vignettes
r-devel-linux-x86_64-fedora-clang 4.3.0 657.32 NOTE
r-devel-linux-x86_64-fedora-gcc 4.3.0 656.66 OK
r-devel-windows-x86_64 4.3.0 80.00 185.00 265.00 NOTE --no-vignettes
r-patched-linux-x86_64 4.3.0 OK --no-vignettes
r-release-linux-x86_64 4.3.0 88.38 182.33 270.71 OK --no-vignettes
r-release-macos-arm64 4.3.0 196.00 NOTE
r-release-macos-x86_64 4.2.1.2 454.00 NOTE
r-release-windows-x86_64 4.3.0 110.00 193.00 303.00 NOTE --no-vignettes
r-oldrel-macos-arm64 4.3.0 179.00 NOTE
r-oldrel-macos-x86_64 4.3.0 254.00 NOTE
r-oldrel-windows-x86_64 4.3.0 102.00 201.00 303.00 NOTE --no-vignettes

Check Details

Version: 4.3.0
Check: installed package size
Result: NOTE
     installed size is 5.8Mb
     sub-directories of 1Mb or more:
     data 1.4Mb
     doc 2.2Mb
     libs 1.1Mb
Flavors: r-devel-linux-x86_64-fedora-clang, r-release-macos-arm64, r-oldrel-macos-arm64, r-oldrel-macos-x86_64

Version: 4.3.0
Flags: --no-vignettes
Check: installed package size
Result: NOTE
     installed size is 6.3Mb
     sub-directories of 1Mb or more:
     data 1.3Mb
     doc 2.2Mb
     libs 1.7Mb
Flavors: r-devel-windows-x86_64, r-release-windows-x86_64, r-oldrel-windows-x86_64

Version: 4.2.1.2
Check: installed package size
Result: NOTE
     installed size is 14.5Mb
     sub-directories of 1Mb or more:
     data 1.3Mb
     doc 2.2Mb
     libs 9.8Mb
Flavor: r-release-macos-x86_64