Last updated on 2023-02-04 08:01:28 CET.
Flavor | Version | Tinstall | Tcheck | Ttotal | Status | Flags |
---|---|---|---|---|---|---|
r-devel-linux-x86_64-debian-clang | 1.1.0 | 5.63 | 64.03 | 69.66 | NOTE | |
r-devel-linux-x86_64-debian-gcc | 1.1.0 | 4.50 | 47.40 | 51.90 | NOTE | |
r-devel-linux-x86_64-fedora-clang | 1.1.0 | 82.49 | NOTE | |||
r-devel-linux-x86_64-fedora-gcc | 1.1.0 | 79.62 | NOTE | |||
r-devel-windows-x86_64 | 1.1.0 | 28.00 | 93.00 | 121.00 | NOTE | |
r-patched-linux-x86_64 | 1.1.0 | 6.22 | 59.43 | 65.65 | NOTE | |
r-release-linux-x86_64 | 1.1.0 | 5.64 | 59.45 | 65.09 | NOTE | |
r-release-macos-arm64 | 1.1.0 | 24.00 | NOTE | |||
r-release-macos-x86_64 | 1.1.0 | 42.00 | NOTE | |||
r-release-windows-x86_64 | 1.1.0 | 27.00 | 93.00 | 120.00 | NOTE | |
r-oldrel-macos-arm64 | 1.1.0 | 26.00 | NOTE | |||
r-oldrel-macos-x86_64 | 1.1.0 | 52.00 | NOTE | |||
r-oldrel-windows-ix86+x86_64 | 1.1.0 | 12.00 | 88.00 | 100.00 | NOTE |
Version: 1.1.0
Check: LazyData
Result: NOTE
'LazyData' is specified without a 'data' directory
Flavors: r-devel-linux-x86_64-debian-clang, r-devel-linux-x86_64-debian-gcc, r-devel-linux-x86_64-fedora-clang, r-devel-linux-x86_64-fedora-gcc, r-devel-windows-x86_64, r-patched-linux-x86_64, r-release-linux-x86_64, r-release-macos-arm64, r-release-macos-x86_64, r-release-windows-x86_64, r-oldrel-macos-arm64, r-oldrel-macos-x86_64, r-oldrel-windows-ix86+x86_64