CRAN Package Check Results for Package som

Last updated on 2022-11-30 07:54:40 CET.

Flavor Version Tinstall Tcheck Ttotal Status Flags
r-devel-linux-x86_64-debian-clang 0.3-5.1 4.69 27.52 32.21 NOTE
r-devel-linux-x86_64-debian-gcc 0.3-5.1 4.10 21.62 25.72 NOTE
r-devel-linux-x86_64-fedora-clang 0.3-5.1 52.72 NOTE
r-devel-linux-x86_64-fedora-gcc 0.3-5.1 48.75 NOTE
r-devel-windows-x86_64 0.3-5.1 19.00 68.00 87.00 NOTE
r-patched-linux-x86_64 0.3-5.1 4.35 26.24 30.59 OK
r-release-linux-x86_64 0.3-5.1 4.35 26.83 31.18 OK
r-release-macos-arm64 0.3-5.1 17.00 OK
r-release-macos-x86_64 0.3-5.1 26.00 OK
r-release-windows-x86_64 0.3-5.1 11.00 63.00 74.00 OK
r-oldrel-macos-arm64 0.3-5.1 27.00 OK
r-oldrel-macos-x86_64 0.3-5.1 32.00 OK
r-oldrel-windows-ix86+x86_64 0.3-5.1 12.00 45.00 57.00 OK

Check Details

Version: 0.3-5.1
Check: Rd files
Result: NOTE
    checkRd: (-1) plot.som.Rd:27: Escaped LaTeX specials: \_
    checkRd: (-1) som.Rd:128: Escaped LaTeX specials: \_
Flavors: r-devel-linux-x86_64-debian-clang, r-devel-linux-x86_64-debian-gcc, r-devel-linux-x86_64-fedora-clang, r-devel-linux-x86_64-fedora-gcc, r-devel-windows-x86_64

Version: 0.3-5.1
Check: compiled code
Result: NOTE
    File ‘som/libs/som.so’:
     Found no calls to: ‘R_registerRoutines’, ‘R_useDynamicSymbols’
    
    It is good practice to register native routines and to disable symbol
    search.
    
    See ‘Writing portable packages’ in the ‘Writing R Extensions’ manual.
Flavors: r-devel-linux-x86_64-fedora-clang, r-devel-linux-x86_64-fedora-gcc