Last updated on 2023-02-08 07:54:43 CET.
Flavor | Version | Tinstall | Tcheck | Ttotal | Status | Flags |
---|---|---|---|---|---|---|
r-devel-linux-x86_64-debian-clang | 1.2.0 | 9.18 | 79.35 | 88.53 | OK | |
r-devel-linux-x86_64-debian-gcc | 1.2.0 | 6.47 | 57.56 | 64.03 | OK | |
r-devel-linux-x86_64-fedora-clang | 1.2.0 | 109.95 | NOTE | |||
r-devel-linux-x86_64-fedora-gcc | 1.2.0 | 117.04 | OK | |||
r-devel-windows-x86_64 | 1.2.0 | 89.00 | 155.00 | 244.00 | OK | |
r-patched-linux-x86_64 | 1.2.0 | 10.29 | 68.79 | 79.08 | OK | |
r-release-linux-x86_64 | 1.2.0 | 7.84 | 69.50 | 77.34 | OK | |
r-release-macos-arm64 | 1.2.0 | 36.00 | OK | |||
r-release-macos-x86_64 | 1.2.0 | 66.00 | OK | |||
r-release-windows-x86_64 | 1.2.0 | 90.00 | 151.00 | 241.00 | OK | |
r-oldrel-macos-arm64 | 1.2.0 | 37.00 | OK | |||
r-oldrel-macos-x86_64 | 1.2.0 | 78.00 | OK | |||
r-oldrel-windows-ix86+x86_64 | 1.2.0 | 21.00 | 117.00 | 138.00 | OK |
Version: 1.2.0
Check: Rd cross-references
Result: NOTE
Undeclared package ‘XML’ in Rd xrefs
Flavor: r-devel-linux-x86_64-fedora-clang