CRAN Package Check Results for Package snpReady

Last updated on 2024-02-23 07:52:22 CET.

Flavor Version Tinstall Tcheck Ttotal Status Flags
r-devel-linux-x86_64-debian-clang 0.9.6 NOTE
r-devel-linux-x86_64-debian-gcc 0.9.6 8.35 71.31 79.66 NOTE
r-devel-linux-x86_64-fedora-clang 0.9.6 124.66 OK
r-devel-linux-x86_64-fedora-gcc 0.9.6 132.04 OK
r-devel-windows-x86_64 0.9.6 9.00 86.00 95.00 OK
r-patched-linux-x86_64 0.9.6 8.01 93.30 101.31 OK
r-release-linux-x86_64 0.9.6 6.80 90.78 97.58 OK
r-release-macos-arm64 0.9.6 46.00 OK
r-release-macos-x86_64 0.9.6 74.00 OK
r-release-windows-x86_64 0.9.6 12.00 99.00 111.00 OK
r-oldrel-macos-arm64 0.9.6 39.00 OK
r-oldrel-windows-x86_64 0.9.6 12.00 105.00 117.00 OK

Check Details

Version: 0.9.6
Check: Rd files
Result: NOTE checkRd: (-1) maize.line.Rd:9: Lost braces in \itemize; meant \describe ? checkRd: (-1) maize.line.Rd:10: Lost braces in \itemize; meant \describe ? checkRd: (-1) maize.line.Rd:11: Lost braces in \itemize; meant \describe ? checkRd: (-1) maize.line.Rd:12: Lost braces in \itemize; meant \describe ? checkRd: (-1) raw.data.Rd:26: Lost braces; missing escapes or markup? 26 | \item{call.rate}{\code{numeric}. Threshold for removing marker by missing genotype rate. SNP with \code{call rate} below threshold are removed from dataset. Must be between {0, 1}} | ^ checkRd: (-1) raw.data.Rd:28: Lost braces; missing escapes or markup? 28 | \item{maf}{Threshold for removing SNP by minor allele frequency. Must be between {0, 1}} | ^ Flavors: r-devel-linux-x86_64-debian-clang, r-devel-linux-x86_64-debian-gcc